alculate the remainder when 20745 is divided by 434.
347
What is the remainder when 107773 is divided by 63?
43
What is the remainder when 10145 is divided by 40?
25
Calculate the remainder when 8929 is divided by 262.
21
What is the remainder when 2935 is divided by 324?
19
Calculate the remainder when 2381 is divided by 96.
77
Calculate the remainder when 1364 is divided by 355.
299
What is the remainder when 570914 is divided by 22?
14
What is the remainder when 4946 is divided by 974?
76
Calculate the remainder when 18275 is divided by 66.
59
What is the remainder when 106791 is divided by 28?
27
Calculate the remainder when 19722 is divided by 580.
2
Calculate the remainder when 2513 is divided by 123.
53
Calculate the remainder when 7856 is divided by 1859.
420
What is the remainder when 5317 is divided by 927?
682
What is the remainder when 177417 is divided by 322?
317
What is the remainder when 51651 is divided by 427?
411
Calculate the remainder when 682 is divided by 29.
15
Calculate the remainder when 31913 is divided by 13.
11
Calculate the remainder when 18426 is divided by 269.
134
Calculate the remainder when 30173 is divided by 657.
608
Calculate the remainder when 177966 is divided by 962.
958
What is the remainder when 1169 is divided by 209?
124
Calculate the remainder when 7267 is divided by 106.
59
Calculate the remainder when 125118 is divided by 46.
44
Calculate the remainder when 36928 is divided by 543.
4
Calculate the remainder when 19961 is divided by 325.
136
What is the remainder when 1278 is divided by 1147?
131
What is the remainder when 10893 is divided by 2722?
5
Calculate the remainder when 6754 is divided by 89.
79
Calculate the remainder when 3314 is divided by 1506.
302
What is the remainder when 2992 is divided by 977?
61
What is the remainder when 6147 is divided by 363?
339
What is the remainder when 229208 is divided by 57301?
4
What is the remainder when 25615 is divided by 25611?
4
Calculate the remainder when 671647 is divided by 70.
67
What is the remainder when 5295 is divided by 1319?
19
What is the remainder when 18131 is divided by 412?
3
Calculate the remainder when 378 is divided by 56.
42
What is the remainder when 7489 is divided by 268?
253
What is the remainder when 13168 is divided by 166?
54
What is the remainder when 3539 is divided by 1175?
14
What is the remainder when 1819 is divided by 597?
28
What is the remainder when 70530 is divided by 229?
227
Calculate the remainder when 1803 is divided by 218.
59
Calculate the remainder when 144327 is divided by 29.
23
What is the remainder when 96691 is divided by 233?
229
Calculate the remainder when 2594 is divided by 369.
11
Calculate the remainder when 74006 is divided by 29.
27
Calculate the remainder when 1359 is divided by 241.
154
What is the remainder when 5126 is divided by 301?
9
What is the remainder when 14392 is divided by 257?
0
What is the remainder when 48590 is divided by 1390?
1330
What is the remainder when 5733 is divided by 1292?
565
What is the remainder when 290217 is divided by 142?
111
Calculate the remainder when 47196 is divided by 2144.
28
Calculate the remainder when 16824 is divided by 92.
80
Calculate the remainder when 16420 is divided by 16259.
161
Calculate the remainder when 13822 is divided by 3.
1
What is the remainder when 1527 is divided by 76?
7
What is the remainder when 180430 is divided by 8?
6
Calculate the remainder when 4913 is divided by 333.
251
What is the remainder when 14706 is divided by 1335?
21
Calculate the remainder when 10897 is divided by 100.
97
What is the remainder when 1089 is divided by 5?
4
What is the remainder when 17615 is divided by 33?
26
What is the remainder when 666903 is divided by 222293?
24
What is the remainder when 1366 is divided by 359?
289
What is the remainder when 31852 is divided by 65?
2
Calculate the remainder when 72978 is divided by 99.
15
Calculate the remainder when 1153698 is divided by 166.
164
What is the remainder when 6607 is divided by 541?
115
Calculate the remainder when 356199 is divided by 520.
519
What is the remainder when 28726 is divided by 14306?
114
What is the remainder when 13595 is divided by 6796?
3
What is the remainder when 3502782 is divided by 253?
250
Calculate the remainder when 397311 is divided by 388.
387
Calculate the remainder when 16392 is divided by 33.
24
Calculate the remainder when 42797 is divided by 823.
1
Calculate the remainder when 5811909 is divided by 31.
29
What is the remainder when 689133 is divided by 98?
95
What is the remainder when 1329499 is divided by 176?
171
Calculate the remainder when 13510 is divided by 25.
10
Calculate the remainder when 17093 is divided by 329.
314
What is the remainder when 248 is divided by 58?
16
What is the remainder when 342691 is divided by 18?
7
What is the remainder when 4829 is divided by 379?
281
Calculate the remainder when 88014 is divided by 9778.
12
What is the remainder when 16889 is divided by 16872?
17
Calculate the remainder when 13638 is divided by 13612.
26
Calculate the remainder when 80171 is divided by 12.
11
What is the remainder when 54518 is divided by 606?
584
What is the remainder when 1181 is divided by 409?
363
What is the remainder when 52061 is divided by 13012?
13
What is the remainder when 7082 is divided by 449?
347
Calculate the remainder when 179 is divided by 131.
48
Calculate the remainder when 45459 is divided by 413.
29
What is the remainder when 5945 is divided by 730?
105
What is the remainder when 297729 is divided by 172?
169
What is the remainder when 2709080 is divided by 13?
10
What is the remainder when 6046 is divided by 668?
34
Calculate the remainder when 9231 is divided by 2919.
474
What is the remainder when 8758 is divided by 1118?
932
Calculate the remainder when 424521 is divided by 26.
19
What is the remainder when 11498 is divided by 1048?
1018
What is the remainder when 7078 is divided by 151?
132
What is the remainder when 18739 is divided by 546?
175
Calculate the remainder when 2362 is divided by 476.
458
Calculate the remainder when 25579 is divided by 3643.
78
Calculate the remainder when 3254 is divided by 814.
812
Calculate the remainder when 557110 is divided by 139276.
6
Calculate the remainder when 37911 is divided by 213.
210
Calculate the remainder when 1822 is divided by 76.
74
Calculate the remainder when 3507 is divided by 10.
7
Calculate the remainder when 8235 is divided by 164.
35
What is the remainder when 18662 is divided by 190?
42
What is the remainder when 129 is divided by 5?
4
Calculate the remainder when 658057 is divided by 176.
169
Calculate the remainder when 709533 is divided by 152.
149
Calculate the remainder when 19257 is divided by 70.
7
What is the remainder when 56512 is divided by 7064?
0
What is the remainder when 291113 is divided by 184?
25
Calculate the remainder when 24610 is divided by 164.
10
Calculate the remainder when 41408 is divided by 107.
106
Calculate the remainder when 76670 is divided by 1321.
52
Calculate the remainder when 526671 is divided by 5.
1
Calculate the remainder when 19065 is divided by 273.
228
Calculate the remainder when 30902 is divided by 10295.
17
What is the remainder when 19281 is divided by 62?
61
What is the remainder when 12788 is divided by 4262?
2
Calculate the remainder when 67042 is divided by 22330.
52
Calculate the remainder when 1405 is divided by 1228.
177
Calculate the remainder when 366809 is divided by 122256.
41
What is the remainder when 483 is divided by 401?
82
Calculate the remainder when 2233 is divided by 347.
151
Calculate the remainder when 2595 is divided by 36.
3
What is the remainder when 598244 is divided by 84?
80
What is the remainder when 3518 is divided by 150?
68
What is the remainder when 34432 is divided by 3123?
79
What is the remainder when 48786 is divided by 667?
95
Calculate the remainder when 8934 is divided by 372.
6
Calculate the remainder when 236079 is divided by 108.
99
What is the remainder when 36118 is divided by 2257?
6
Calculate the remainder when 105974 is divided by 13.
11
What is the remainder when 39514 is divided by 1718?
0
Calculate the remainder when 515948 is divided by 107.
101
What 